


{"version":"1.0","provider_name":"RUFA - Rome University of Fine Arts","provider_url":"https:\/\/www.unirufa.it\/es","title":"Sabato 6 febbraio Inaugurazione anno accademico RUFA - RUFA - Rome University of Fine Arts","type":"rich","width":600,"height":338,"html":"<blockquote class=\"wp-embedded-content\" data-secret=\"Sr35Z8Rd4E\"><a href=\"https:\/\/www.unirufa.it\/es\/eventi\/sabato-6-febbraio-inaugurazione-anno-accademico-rufa\/\">Sabato 6 febbraio Inaugurazione anno accademico RUFA<\/a><\/blockquote><iframe sandbox=\"allow-scripts\" security=\"restricted\" src=\"https:\/\/www.unirufa.it\/es\/eventi\/sabato-6-febbraio-inaugurazione-anno-accademico-rufa\/embed\/#?secret=Sr35Z8Rd4E\" width=\"600\" height=\"338\" title=\"\u00abSabato 6 febbraio Inaugurazione anno accademico RUFA\u00bb \u2014 RUFA - Rome University of Fine Arts\" data-secret=\"Sr35Z8Rd4E\" frameborder=\"0\" marginwidth=\"0\" marginheight=\"0\" scrolling=\"no\" class=\"wp-embedded-content\"><\/iframe><script type=\"text\/javascript\">\n\/* <![CDATA[ *\/\n\/*! This file is auto-generated *\/\n!function(d,l){\"use strict\";l.querySelector&&d.addEventListener&&\"undefined\"!=typeof URL&&(d.wp=d.wp||{},d.wp.receiveEmbedMessage||(d.wp.receiveEmbedMessage=function(e){var t=e.data;if((t||t.secret||t.message||t.value)&&!\/[^a-zA-Z0-9]\/.test(t.secret)){for(var s,r,n,a=l.querySelectorAll('iframe[data-secret=\"'+t.secret+'\"]'),o=l.querySelectorAll('blockquote[data-secret=\"'+t.secret+'\"]'),c=new RegExp(\"^https?:$\",\"i\"),i=0;i<o.length;i++)o[i].style.display=\"none\";for(i=0;i<a.length;i++)s=a[i],e.source===s.contentWindow&&(s.removeAttribute(\"style\"),\"height\"===t.message?(1e3<(r=parseInt(t.value,10))?r=1e3:~~r<200&&(r=200),s.height=r):\"link\"===t.message&&(r=new URL(s.getAttribute(\"src\")),n=new URL(t.value),c.test(n.protocol))&&n.host===r.host&&l.activeElement===s&&(d.top.location.href=t.value))}},d.addEventListener(\"message\",d.wp.receiveEmbedMessage,!1),l.addEventListener(\"DOMContentLoaded\",function(){for(var e,t,s=l.querySelectorAll(\"iframe.wp-embedded-content\"),r=0;r<s.length;r++)(t=(e=s[r]).getAttribute(\"data-secret\"))||(t=Math.random().toString(36).substring(2,12),e.src+=\"#?secret=\"+t,e.setAttribute(\"data-secret\",t)),e.contentWindow.postMessage({message:\"ready\",secret:t},\"*\")},!1)))}(window,document);\n\/* ]]> *\/\n<\/script>\n","thumbnail_url":"https:\/\/www.unirufa.it\/wp-content\/uploads\/2016\/01\/ADV_RUFA_490x230_01.png","thumbnail_width":490,"thumbnail_height":276,"description":"Disculpa, pero esta entrada est\u00e1 disponible s\u00f3lo en IT y EN. Una giornata all&#8217;insegna della creativit\u00e0 Sabato 6 febbraio, dalle 10.30, si svolge l&#8217;attesissima Inaugurazione dell&#8217;anno accademico RUFA (via Benaco, 2). Sar\u00e0 una giornata ricca di sorprese, che saranno condivise con gli ospiti, istituzionali e non, dell&#8217;Accademia. Le aule si trasformeranno in un grande spazio... Find out more"}

Disculpa, pero esta entrada está disponible sólo en IT y EN. Una giornata all&#8217;insegna della creatività Sabato 6 febbraio, dalle 10.30, si svolge l&#8217;attesissima Inaugurazione dell&#8217;anno accademico RUFA (via Benaco, 2). Sarà una giornata ricca di sorprese, che saranno condivise con gli ospiti, istituzionali e non, dell&#8217;Accademia. Le aule si trasformeranno in un grande spazio... Find out more
